{"id":374,"date":"2018-02-28T20:54:38","date_gmt":"2018-02-28T20:54:38","guid":{"rendered":"http:\/\/tufis.ro\/claudiu\/?page_id=374"},"modified":"2025-05-06T04:42:55","modified_gmt":"2025-05-06T04:42:55","slug":"mass-media","status":"publish","type":"page","link":"https:\/\/tufis.ro\/claudiu\/home\/mass-media\/","title":{"rendered":"Mass media"},"content":{"rendered":"\n<ul class=\"wp-block-list\">\n<li style=\"font-size:18px\">May 5, 2025: ABCNews, USA (Stephen McGrath), <em>Interview<\/em>. <a href=\"https:\/\/abcnews.go.com\/International\/wireStory\/george-simion-nationalist-topped-polls-romanias-presidential-redo-121463226\">Who is George Simion, a nationalist who topped polls in Romania\u2019s presidential redo?<\/a><\/li>\n\n\n\n<li style=\"font-size:18px\">May 5, 2025: La Radio del Sur, Venezuela (Mariana Rojas), <em>Interview<\/em>. <a href=\"https:\/\/www.laradiodelsur.com.ve\/nacionalista-simion-gana-primera-vuelta-de-elecciones-en-rumania-sin-mayoria\/\">Nacionalista Simion gana primera vuelta de elecciones en Ruman\u00eda, sin mayor\u00eda<\/a>. <\/li>\n\n\n\n<li style=\"font-size:18px\">May 4, 2025: Cadena Ser, Spain (Antonio Martin), <em>Interview<\/em>. <a href=\"https:\/\/cadenaser.com\/nacional\/2025\/05\/04\/rumania-repite-las-elecciones-presidenciales-con-la-extrema-derecha-como-favorita-cadena-ser\/\">Ruman\u00eda repite las elecciones presidenciales con la extrema derecha como favorita<\/a>.<\/li>\n\n\n\n<li style=\"font-size:18px\">May 4, 2025: Cadena Ser, Spain (Antonio Martin), <em>Interview<\/em>. <a href=\"https:\/\/cadenaser.com\/nacional\/2025\/05\/04\/la-extrema-derecha-se-perfila-como-ganadora-de-la-primera-vuelta-de-las-elecciones-de-rumania-pero-sin-mayoria-para-evitar-la-segunda-cadena-ser\/\">La extrema derecha gana la primera vuelta de las elecciones de Ruman\u00eda, pero sin mayor\u00eda para evitar la segunda<\/a><\/li>\n\n\n\n<li style=\"font-size:18px\">May 4, 2025: Publico, Portugal (Francisco Jose Costa), <em>Interview. <\/em><a href=\"https:\/\/www.publico.pt\/2025\/05\/04\/mundo\/noticia\/favoritismo-consensual-extremadireita-primeira-volta-presidenciais-romenia-2131712\">Favoritismo \u201cconsensual\u201d da extrema-direita na primeira volta das presidenciais da Rom\u00e9nia<\/a>. <\/li>\n\n\n\n<li style=\"font-size:18px\">April 25, 2025: Adev\u0103rul de Weekend (Maria-Alexandra Mortu), <em>Interview<\/em>. <a href=\"https:\/\/tufis.ro\/claudiu\/wp-content\/uploads\/2025\/04\/Adevarul-de-weekend.pdf\">Anatomia unei genera\u021bii deziluzionate. De ce (nu) voteaz\u0103 tinerii.<\/a><\/li>\n\n\n\n<li style=\"font-size:18px\">April 1, 2025: International IDEA (Emily Bloom), <em>Interview<\/em>. <a href=\"https:\/\/www.idea.int\/blog\/despite-court-rulings-romania-still-risks-seeing-extremist-president-leading-academic\">https:\/\/www.idea.int\/blog\/despite-court-rulings-romania-still-risks-seeing-extremist-president-leading-academic<\/a><\/li>\n\n\n\n<li style=\"font-size:18px\">January 21, 2025: Europa Liber\u0103 Rom\u00e2nia (Anca Gr\u0103dinaru), <em>Interview<\/em>. <a href=\"https:\/\/romania.europalibera.org\/a\/draft-claudiu-tufis-doctor-in-stiinte-politice-relatia-militara-romania-sua-depinde-de-negocierile-washingtonului-cu-moscova-\/33282581.html\">https:\/\/romania.europalibera.org\/a\/draft-claudiu-tufis-doctor-in-stiinte-politice-relatia-militara-romania-sua-depinde-de-negocierile-washingtonului-cu-moscova-\/33282581.html<\/a><\/li>\n\n\n\n<li style=\"font-size:18px\">December 9, 2024: CGTN (Pablo Gutierrez), <em>Interview<\/em>. <a href=\"https:\/\/newseu.cgtn.com\/news\/2024-12-09\/Romania-faces-political-turmoil-after-annulled-presidential-election-1zaIZgE9OkE\/p.html\">https:\/\/newseu.cgtn.com\/news\/2024-12-09\/Romania-faces-political-turmoil-after-annulled-presidential-election-1zaIZgE9OkE\/p.html<\/a><\/li>\n\n\n\n<li style=\"font-size:18px\">December 6, 2024: OKO.press (Paulina Pacula), <em>Interview<\/em>. <a href=\"https:\/\/oko.press\/rumunia-ingerencja-wybory-rosja\">https:\/\/oko.press\/rumunia-ingerencja-wybory-rosja<\/a> <\/li>\n\n\n\n<li style=\"font-size:18px\">December 2, 2024: OKO.press (Paulina Pacula), <em>Interview<\/em>. <a href=\"https:\/\/oko.press\/wybory-prezydenckie-rumunia-pierwsza-tura\">https:\/\/oko.press\/wybory-prezydenckie-rumunia-pierwsza-tura<\/a><\/li>\n\n\n\n<li style=\"font-size:18px\">December 2, 2024: Balkan Insight (Marian Chiriac), <em>Interview<\/em>. <a href=\"https:\/\/balkaninsight.com\/2024\/12\/02\/socials-democrats-top-romanian-parliamentary-polls-but-far-right-surges\/\">https:\/\/balkaninsight.com\/2024\/12\/02\/socials-democrats-top-romanian-parliamentary-polls-but-far-right-surges\/<\/a><\/li>\n\n\n\n<li style=\"font-size:18px\">November 30, 2024: Associated Press (Stephen McGrath), <em>Interview<\/em>. <a href=\"https:\/\/apnews.com\/article\/romania-elections-parliament-georgescu-europe-42548c4841392bd7a504761752e0970c\">https:\/\/apnews.com\/article\/romania-elections-parliament-georgescu-europe-42548c4841392bd7a504761752e0970c<\/a><\/li>\n\n\n\n<li style=\"font-size:18px\">November 29, 2024: gemist.hu (Martin Bukovics), <em>Interview<\/em>. <a href=\"https:\/\/www.gemist.hu\/p\/ha-valaki-mogott-a-titkosszolgalat\">https:\/\/www.gemist.hu\/p\/ha-valaki-mogott-a-titkosszolgalat<\/a><\/li>\n\n\n\n<li style=\"font-size:18px\">November 24, 2024: Europa Liber\u0103 Rom\u00e2nia (Adriana Nedelea), <em>Live<\/em>. <a href=\"https:\/\/romania.europalibera.org\/a\/live-din-redactia-europa-libera-romania-duminica-24-nov-ora-16-00---jurnalista-andreea-pora-prof-sergiu-miscoiu-prof-claudiu-tufis\/33214882.html\">https:\/\/romania.europalibera.org\/a\/live-din-redactia-europa-libera-romania-duminica-24-nov-ora-16-00&#8212;jurnalista-andreea-pora-prof-sergiu-miscoiu-prof-claudiu-tufis\/33214882.html<\/a><\/li>\n\n\n\n<li style=\"font-size:18px\">November 23, 2024: Adresseavisen, Norway, <em>Interview<\/em>. <a href=\"https:\/\/www.adressa.no\/nyheter\/utenriks\/i\/lwrL53\/spent-foran-presidentvalget-i-romania\">Spent foran presidentvalget i Romania<\/a><\/li>\n\n\n\n<li style=\"font-size:18px\">November 22, 2024: Associated Press (Stephen McGrath), <em>Interview<\/em>. <a href=\"https:\/\/apnews.com\/article\/romania-presidential-election-nationalist-nato-europe-1fc92b253352da28f99a7bc18530f3f2\">https:\/\/apnews.com\/article\/romania-presidential-election-nationalist-nato-europe-1fc92b253352da28f99a7bc18530f3f2<\/a><\/li>\n\n\n\n<li style=\"font-size:18px\">June 1, 2024: Profil, Austria (Franziska Tschinderle), <em>Interview<\/em>. <a href=\"https:\/\/www.profil.at\/ausland\/wie-und-wo-der-balkan-2024-waehlt\/402730546\">How and where the Balkans will vote in 2024<\/a><\/li>\n\n\n\n<li style=\"font-size:18px\">June 1, 2024: Libertatea (Sidonia Bogdan), <em>Interview<\/em>. <a href=\"https:\/\/www.libertatea.ro\/stiri\/interviu-cu-ce-imagine-ramane-klaus-iohannis-dupa-doua-mandate-de-presedinte-claudiu-tufis-expert-in-evaluarea-democratiei-mai-degraba-marioneta-decat-lup-singuratic-4903726\">https:\/\/www.libertatea.ro\/stiri\/interviu-cu-ce-imagine-ramane-klaus-iohannis-dupa-doua-mandate-de-presedinte-claudiu-tufis-expert-in-evaluarea-democratiei-mai-degraba-marioneta-decat-lup-singuratic-4903726<\/a><\/li>\n\n\n\n<li style=\"font-size:18px\">March 11, 2024:&nbsp;Radio Rom\u00e2nia Cultural, <em>Timpul prezent<\/em> (Adela Greceanu, Matei Martin). <a href=\"https:\/\/www.radioromaniacultural.ro\/emisiuni\/timpul-prezent\/timpul-prezent-egalitatea-de-gen-in-politica-pentru-o-reprezentare-echitabila-a-femeilor-podcast-id42602.html\">https:\/\/www.radioromaniacultural.ro\/emisiuni\/timpul-prezent\/timpul-prezent-egalitatea-de-gen-in-politica-pentru-o-reprezentare-echitabila-a-femeilor-podcast-id42602.html<\/a> <\/li>\n\n\n\n<li style=\"font-size:18px\">December 10, 2023: Lyrtas, Lithuania, <em>Interview<\/em>. <a href=\"https:\/\/www.lrytas.lt\/pasaulis\/rytai-vakarai\/2023\/12\/10\/news\/ne-tik-nyderlandai-ir-slovakija-krastutine-desine-gali-dominuoti-dar-vienuose-europos-rinkimuose-29357983\">Ne tik Nyderlandai ir Slovakija: kra\u0161tutin\u0117 de\u0161in\u0117 gali dominuoti dar vienuose Europos rinkimuose<\/a> <\/li>\n\n\n\n<li style=\"font-size:18px\">November 28, 2023: Euronews (Giulia Carbonaro), <em>Interview<\/em>. <a href=\"https:\/\/www.euronews.com\/2023\/11\/28\/romania-is-facing-crucial-elections-in-2024-will-the-country-put-the-rising-far-right-in-p\">https:\/\/www.euronews.com\/2023\/11\/28\/romania-is-facing-crucial-elections-in-2024-will-the-country-put-the-rising-far-right-in-p<\/a><\/li>\n\n\n\n<li style=\"font-size:18px\">November 14, 2023:&nbsp;Radio Rom\u00e2nia Cultural, <em>Timpul prezent<\/em> (Adela Greceanu, Matei Martin). <a href=\"https:\/\/www.radioromaniacultural.ro\/emisiuni\/timpul-prezent\/timpul-prezent-cum-ne-raportam-la-institutiile-statului-democratia-o-chestiune-de-incredere-podcast-id40863.html\">https:\/\/www.radioromaniacultural.ro\/emisiuni\/timpul-prezent\/timpul-prezent-cum-ne-raportam-la-institutiile-statului-democratia-o-chestiune-de-incredere-podcast-id40863.html<\/a><\/li>\n\n\n\n<li style=\"font-size:18px\">January 9, 2023:&nbsp;Radio Rom\u00e2nia Cultural, <em>Timpul prezent<\/em> (Adela Greceanu, Matei Martin). <a href=\"https:\/\/www.radioromaniacultural.ro\/emisiuni\/timpul-prezent\/timpul-prezent-claudiu-tufis-sociolog-romanii-nu-au-incredere-in-autoritati-id35559.html\">https:\/\/www.radioromaniacultural.ro\/emisiuni\/timpul-prezent\/timpul-prezent-claudiu-tufis-sociolog-romanii-nu-au-incredere-in-autoritati-id35559.html<\/a> <\/li>\n\n\n\n<li style=\"font-size:18px\">November 1, 2022: Europa Liber\u0103 (Cristian Andrei), <em>Interview<\/em>. <a href=\"https:\/\/romania.europalibera.org\/a\/tilvar-e-pe-placul-lui-iohannis-un-om-din-sistem-teza-de-doctorat\/32110803.html\">https:\/\/romania.europalibera.org\/a\/tilvar-e-pe-placul-lui-iohannis-un-om-din-sistem-teza-de-doctorat\/32110803.html<\/a> <\/li>\n\n\n\n<li style=\"font-size:18px\">June 1, 2022: Europa Liber\u0103 (Virgil Burl\u0103), <em>Interview<\/em>. <a href=\"https:\/\/romania.europalibera.org\/a\/31878826.html\">https:\/\/romania.europalibera.org\/a\/31878826.html<\/a> <\/li>\n\n\n\n<li style=\"font-size:18px\">October 5, 2021: Associated Press, <em>Interview<\/em>. <a href=\"https:\/\/apnews.com\/article\/coronavirus-pandemic-klaus-iohannis-bucharest-europe-romania-47fe6290678682017f72cf89a1720cf4\">https:\/\/apnews.com\/article\/coronavirus-pandemic-klaus-iohannis-bucharest-europe-romania-47fe6290678682017f72cf89a1720cf4<\/a> <\/li>\n\n\n\n<li style=\"font-size:18px\">December 8, 2020: Euronews (Stephen McGrath), <em>Interview<\/em>. <a href=\"https:\/\/www.euronews.com\/my-europe\/2020\/12\/08\/how-a-far-right-party-came-from-nowhere-to-stun-romania-in-sunday-s-election\">https:\/\/www.euronews.com\/my-europe\/2020\/12\/08\/how-a-far-right-party-came-from-nowhere-to-stun-romania-in-sunday-s-election<\/a><\/li>\n\n\n\n<li style=\"font-size:18px\">December 7, 2020: The New York Times (Kit Gillet), <em>Interview<\/em>. <a href=\"https:\/\/www.nytimes.com\/2020\/12\/07\/world\/europe\/romania-election.html\">https:\/\/www.nytimes.com\/2020\/12\/07\/world\/europe\/romania-election.html<\/a><\/li>\n\n\n\n<li style=\"font-size:18px\">April 30, 2020:&nbsp;azonnali.hu, <em>Interview<\/em>. <a href=\"https:\/\/azonnali.hu\/cikk\/20200430_miert-dobta-be-a-magyarkartyat-johannis-a-bukaresti-egyetem-politologusprofesszorat-kerdeztuk\">https:\/\/azonnali.hu\/cikk\/20200430_miert-dobta-be-a-magyarkartyat-johannis-a-bukaresti-egyetem-politologusprofesszorat-kerdeztuk<\/a><\/li>\n\n\n\n<li style=\"font-size:18px\">March 9, 2020:&nbsp;Radio Rom\u00e2nia Cultural, <em>Timpul prezent<\/em> (Adela Greceanu, Matei Martin). <a href=\"https:\/\/radioromaniacultural.ro\/timpul-prezent-coronavirus-masuri-exceptionale-pentru-o-situatie-exceptionala\/\">https:\/\/radioromaniacultural.ro\/timpul-prezent-coronavirus-masuri-exceptionale-pentru-o-situatie-exceptionala\/<\/a><\/li>\n\n\n\n<li style=\"font-size:18px\">February 5, 2020: Forumul strategic, <em>Interview<\/em>. <a href=\"http:\/\/www.blog.romanianstrategicforum.org\/2020\/02\/05\/agenda-strategica-2020-agenda-guvernarii-claudiu-tufis\/\">http:\/\/www.blog.romanianstrategicforum.org\/2020\/02\/05\/agenda-strategica-2020-agenda-guvernarii-claudiu-tufis\/<\/a><\/li>\n\n\n\n<li style=\"font-size:18px\">December 20, 2019: azonnali.hu, <em>Interview<\/em>. <a href=\"https:\/\/azonnali.hu\/cikk\/20191220_nem-hiszem-hogy-2020-ban-fog-fejlodni-a-roman-magyar-egyuttmukodes\">https:\/\/azonnali.hu\/cikk\/20191220_nem-hiszem-hogy-2020-ban-fog-fejlodni-a-roman-magyar-egyuttmukodes<\/a><\/li>\n\n\n\n<li style=\"font-size:18px\">November 25, 2019: azonnali.hu, <em>Interview<\/em>. <a href=\"https:\/\/azonnali.hu\/cikk\/20191125_mi-johannis-sikerenek-titka\">https:\/\/azonnali.hu\/cikk\/20191125_mi-johannis-sikerenek-titka<\/a><\/li>\n\n\n\n<li style=\"font-size:18px\">January 30, 2019: The New Statesman, <em>Interview<\/em>. <a href=\"https:\/\/www.newstatesman.com\/world\/europe\/2019\/01\/romania-land-no-return\">https:\/\/www.newstatesman.com\/world\/europe\/2019\/01\/romania-land-no-return<\/a><\/li>\n\n\n\n<li style=\"font-size:18px\">December 3, 2018: The New York Times, <em>Interview<\/em>. <a href=\"https:\/\/www.nytimes.com\/2018\/12\/03\/world\/europe\/romania-bucharest-cathedral.html\">https:\/\/www.nytimes.com\/2018\/12\/03\/world\/europe\/romania-bucharest-cathedral.html<\/a><\/li>\n\n\n\n<li style=\"font-size:18px\">November 21, 2018: Radio Romania International, <em>Interview<\/em>. <a href=\"https:\/\/www.rri.ro\/en_gb\/teachers_and_the_values_of_democracy-2589896\">https:\/\/www.rri.ro\/en_gb\/teachers_and_the_values_of_democracy-2589896<\/a><\/li>\n\n\n\n<li style=\"font-size:18px\">October 23, 2018: Euractiv, <em>Interview<\/em>. <a href=\"https:\/\/www.euractiv.com\/section\/eu-elections-2019\/news\/economic-growth-migration-and-eu-elections-a-strange-mix-for-romanian-voters\/\">https:\/\/www.euractiv.com\/section\/eu-elections-2019\/news\/economic-growth-migration-and-eu-elections-a-strange-mix-for-romanian-voters\/<\/a><\/li>\n\n\n\n<li style=\"font-size:18px\">October 7, 2018: The New York Times, <em>Interview<\/em>. <a href=\"https:\/\/www.nytimes.com\/2018\/10\/07\/world\/europe\/romania-referendum-marriage.html\">https:\/\/www.nytimes.com\/2018\/10\/07\/world\/europe\/romania-referendum-marriage.html<\/a><\/li>\n\n\n\n<li style=\"font-size:18px\">November 29, 2017: Radio Rom\u00e2nia Cultural, <em>Timpul prezent<\/em> (Adela Greceanu, Matei Martin).&nbsp;<a href=\"https:\/\/radioromaniacultural.ro\/timpul-prezent-invitat-claudiu-tufis\/\">https:\/\/radioromaniacultural.ro\/timpul-prezent-invitat-claudiu-tufis\/<\/a><\/li>\n\n\n\n<li style=\"font-size:18px\">November 16, 2017: AFP,&nbsp;<em>Interview<\/em>.&nbsp;<a href=\"https:\/\/www.news.ro\/externe\/afp-societatea-civila-de-veghe-impotriva-derivelor-puterii-din-romania-1922404516002017111317394911\">https:\/\/www.news.ro\/externe\/afp-societatea-civila-de-veghe-impotriva-derivelor-puterii-din-romania-1922404516002017111317394911<\/a><\/li>\n\n\n\n<li style=\"font-size:18px\">November 15, 2017: International IDEA, <em>Discussion<\/em>.&nbsp;<a href=\"https:\/\/www.facebook.com\/InternationalIDEA\/videos\/1940428042641626\/\">https:\/\/www.facebook.com\/InternationalIDEA\/videos\/1940428042641626\/<\/a><\/li>\n\n\n\n<li style=\"font-size:18px\">June 13, 2017: Parlamentor,&nbsp;<em>Interview<\/em>.&nbsp;<a href=\"http:\/\/www.parlamentor.ro\/youth-parlamentor-interactiv\/un-politolog-in-lumea-statisticii-claudiu-tufis-7900\">http:\/\/www.parlamentor.ro\/youth-parlamentor-interactiv\/un-politolog-in-lumea-statisticii-claudiu-tufis-7900<\/a><\/li>\n\n\n\n<li style=\"font-size:18px\">November 10-16, 2016: Dilema Veche,&nbsp;<em>Castro, Bernie \u0219i extraterestrul<\/em>.&nbsp;<a href=\"http:\/\/dilemaveche.ro\/sectiune\/tema-saptamanii\/articol\/castro-bernie-si-extraterestrul\">http:\/\/dilemaveche.ro\/sectiune\/tema-saptamanii\/articol\/castro-bernie-si-extraterestrul<\/a><\/li>\n\n\n\n<li style=\"font-size:18px\">August 11, 2016. Europunkt.&nbsp;<em>Interview<\/em>.&nbsp;<a href=\"http:\/\/europunkt.ro\/2016\/08\/11\/interviu-cu-politologul-claudiu-tufis-este-mai-putin-important-ca-ponta-a-pierdut-titlul-de-doctor-ce-conteaza-este-ce-invatam-din-toata-aceasta-poveste\/\">http:\/\/europunkt.ro\/2016\/08\/11\/interviu-cu-politologul-claudiu-tufis-este-mai-putin-important-ca-ponta-a-pierdut-titlul-de-doctor-ce-conteaza-este-ce-invatam-din-toata-aceasta-poveste\/<\/a><\/li>\n\n\n\n<li style=\"font-size:18px\">February 12-18, 2015: Dilema Veche,&nbsp;<em>R\u00e2nduri, Numere, Alegeri<\/em>.&nbsp;<a href=\"http:\/\/dilemaveche.ro\/sectiune\/tema-saptamanii\/articol\/rinduri-numere-alegeri\">http:\/\/dilemaveche.ro\/sectiune\/tema-saptamanii\/articol\/rinduri-numere-alegeri<\/a><\/li>\n\n\n\n<li style=\"font-size:18px\">March 10, 2014: EUObserver,&nbsp;<em>Interview<\/em>.&nbsp;<a href=\"https:\/\/euobserver.com\/eu-elections\/123389\">https:\/\/euobserver.com\/eu-elections\/123389<\/a><\/li>\n\n\n\n<li style=\"font-size:18px\">September 27, 2013: Civitas Politics,&nbsp;<em>Problemele \u0219i provoc\u0103rile proteselor din Pia\u021ba Universit\u0103\u021bii. O evaluare critic\u0103.&nbsp;<\/em><a href=\"https:\/\/civitaspolitics.org\/2013\/09\/27\/problemele-si-provocarile-proteselor-din-piata-universitatii-o-evaluare-critica\/\">https:\/\/civitaspolitics.org\/2013\/09\/27\/problemele-si-provocarile-proteselor-din-piata-universitatii-o-evaluare-critica\/<\/a><\/li>\n<\/ul>\n","protected":false},"excerpt":{"rendered":"","protected":false},"author":1,"featured_media":0,"parent":98,"menu_order":0,"comment_status":"closed","ping_status":"closed","template":"","meta":{"footnotes":""},"class_list":["post-374","page","type-page","status-publish","hentry"],"jetpack_sharing_enabled":true,"jetpack_shortlink":"https:\/\/wp.me\/P8yIsi-62","jetpack-related-posts":[{"id":107,"url":"https:\/\/tufis.ro\/claudiu\/teaching\/","url_meta":{"origin":374,"position":0},"title":"Teaching","author":"ctufis","date":"March 8, 2017","format":false,"excerpt":"Courses During the Fall semester I teach the following classes: Metode de cercetare \u00een \u0219tiin\u021ba politic\u0103 (undergraduate class in Romanian) Global Civil Society (undergraduate class in English) Public Opinion, Social Movements, and Civil Society Organizations in International Contexts (graduate class in English) Research Methodology in Political Science (graduate class in\u2026","rel":"","context":"Similar post","block_context":{"text":"Similar post","link":""},"img":{"alt_text":"","src":"","width":0,"height":0},"classes":[]}],"_links":{"self":[{"href":"https:\/\/tufis.ro\/claudiu\/wp-json\/wp\/v2\/pages\/374","targetHints":{"allow":["GET"]}}],"collection":[{"href":"https:\/\/tufis.ro\/claudiu\/wp-json\/wp\/v2\/pages"}],"about":[{"href":"https:\/\/tufis.ro\/claudiu\/wp-json\/wp\/v2\/types\/page"}],"author":[{"embeddable":true,"href":"https:\/\/tufis.ro\/claudiu\/wp-json\/wp\/v2\/users\/1"}],"replies":[{"embeddable":true,"href":"https:\/\/tufis.ro\/claudiu\/wp-json\/wp\/v2\/comments?post=374"}],"version-history":[{"count":20,"href":"https:\/\/tufis.ro\/claudiu\/wp-json\/wp\/v2\/pages\/374\/revisions"}],"predecessor-version":[{"id":1045,"href":"https:\/\/tufis.ro\/claudiu\/wp-json\/wp\/v2\/pages\/374\/revisions\/1045"}],"up":[{"embeddable":true,"href":"https:\/\/tufis.ro\/claudiu\/wp-json\/wp\/v2\/pages\/98"}],"wp:attachment":[{"href":"https:\/\/tufis.ro\/claudiu\/wp-json\/wp\/v2\/media?parent=374"}],"curies":[{"name":"wp","href":"https:\/\/api.w.org\/{rel}","templated":true}]}}